 25. Let v(y) = -3*l(y) + 7*o(y). Calculate v(0).
9
Let j be (-15)/(-2) - 1/(-2). Let i(k) = 3*k**2 + j - 8. Calculate i(1).
3
Let l be (-2)/10 - (-59)/(-5). Let d = l - -18. Let a(b) = b**2 - 6*b - 5. What is a(d)?
-5
Suppose -5 = -4*w - 1. Let s(p) = -3*p - 3*p**2 + 4*p + 5*p**2 - 11*p**3 - 4*p**2. Calculate s(w).
-12
Let d(z) be the second derivative of z**4/12 + z**3/6 + 12*z. Let y(p) = 7*p**2 + 2*p - 1. Let w be 8/6 - 3/9. Let c(s) = w*y(s) - 4*d(s). Calculate c(-1).
4
Let o(z) = -16*z - 3*z**2 + 40*z + 2*z**2 - 26*z - z**3 - 1. Let j(n) = n**3 - 3*n**2 + n. Let h be j(1). Determine o(h).
1
Let j(h) = -2*h**3 - 2*h**2 + h - 1. Suppose -3 = 5*w - 8. Suppose 0*q = q - l + w, -8 = 5*q - 2*l. Determine j(q).
5
Suppose -10 = -4*n - 22. Let g(j) = -j**3 + j**2 - j - 1. Let l(d) = d**3 - 5*d**2 + d. Let p(c) = -2*g(c) - l(c). Determine p(n).
-1
Let k = 1 + -2. Suppose 31 = 5*g - 9. Let c(a) = -9*a**3 - 8*a + 11. Let f(b) = -3*b**3 - 3*b + 4. Let v(j) = g*f(j) - 3*c(j). Calculate v(k).
-4
Let y(t) be the first derivative of -t**3/3 + t**2/2 + 3*t + 4. Let q(b) = 0 + 0 + 2*b - 3. Let u be q(3). What is y(u)?
-3
Let i(l) = 4 - 3*l - 3 + 2*l**3 + 4*l - l**2. Let v(o) = -o**2 - o + 1. Let q(t) = -t - 2. Let c be q(0). Let k be v(c). Give i(k).
-3
Let m(k) = k - 9. Let y be (-4)/(3 - (-39)/(-12)). Suppose w - 4 + 24 = 4*p, w = -5*p + y. Determine m(p).
-5
Suppose 4*k + 4*s = 0, 4 = -0*s - 2*s. Let y(x) be the second derivative of x**5/20 - x**4/3 + x**3/3 + x**2 - x. Calculate y(k).
-2
Let n(h) = -6*h - 1. Let r(x) = -x**3 - 9*x**2 + 3. Let g be r(-9). Suppose -p = -g*p - 2. Calculate n(p).
5
Let b(p) be the second derivative of 3*p**5/4 - p**4/12 + p**3/3 - p**2/2 - 5*p. What is b(1)?
15
Suppose -b = 5*u + 124, 36 = -4*u - 4*b - 76. Let t be (u/3)/(0 - -1). Let f be (-1*2)/(t/12). Let a(n) = n - 4. What is a(f)?
-1
Let q(b) be the first derivative of b**6/360 + b**5/24 + b**4/4 + b**3/3 + 3. Let f(p) be the third derivative of q(p). Determine f(-4).
2
Let k be (3 - (-2)/(-2))*3. Let i(w) = -5*w - 2 + w**2 - 2 + 0. Let m be i(k). Let o(u) = u. Determine o(m).
2
Let q = -7 - -12. Let z = q + -10. Let n(g) = -3*g - 3. Give n(z).
12
Let f(j) be the third derivative of j**6/120 + j**5/60 - j**4/6 + j**3/2 + 2*j**2. Let s(m) = -2*m**3 + 5*m - 3. Let c(d) = -3*f(d) - 2*s(d). What is c(2)?
-3
Let m(n) be the second derivative of 0*n**3 + 1/2*n**2 + 0 - 1/20*n**5 + 1/3*n**4 + 3*n. What is m(4)?
1
Let r be (1/(-2))/((-2)/4). Let y(n) = -3*n**3 - n**2 + n - r + 0*n + 0*n**2. Suppose m - 4*m + 3 = 0. What is y(m)?
-4
Let p(f) be the second derivative of -f**5/20 + f**4/4 - f**3/6 + f**2 - 12*f. Let z(d) = d**2 - d + 3. Let l be z(0). Give p(l).
-1
Let d(h) = -h. Let k(o) = -4*o - 1. Let r(b) = 2*d(b) - k(b). Let m be r(-1). Let w(u) = -u + 1. What is w(m)?
2
Let o(t) = -5*t + 1. Let s(b) = 6*b. Let j(m) = -7*o(m) - 6*s(m). What is j(-3)?
-4
Let t(a) = 2*a + 3. Let c = 19 + -24. What is t(c)?
-7
Let s be 1/2 + (-6)/(-4). Let b = -7 + s. Let w(a) = a**2 + 6*a + 5. Determine w(b).
0
Let z(u) = -u**3 - u**2 + u - 7. Let k(w) = -w**3 - 1. Let j be k(-1). What is z(j)?
-7
Suppose -2*n - 2*o = -2 - 4, 3*n + 5*o = 17. Let d(g) = -4*g**3 + 1. Give d(n).
5
Suppose 4*d - d - 9 = 0. Suppose -9 = 2*b + d*f - 1, 2*f + 4 = -2*b. Let p(l) be the third derivative of -l**6/120 + l**5/60 + 2*l**2. Calculate p(b).
-4
Let q(a) = -a**2 - 20*a + 1. Let c be q(-20). Let z(b) = -21*b**2 + 1. Give z(c).
-20
Suppose -4*d + 10 = -6. Let q(g) = g - 3. Let m be q(d). Let s(k) be the second derivative of -k**3/6 + k. Determine s(m).
-1
Let g(r) be the second derivative of -r**4/12 - 7*r**3/6 - r**2 + 9*r. What is g(-5)?
8
Let m(s) = -4*s - 1. Let g = 6 - 11. Calculate m(g).
19
Let r(n) = -n + 1. Let q(t) = -t**3 - 7*t**2 - 7*t - 3. Let z be q(-6). Determine r(z).
-2
Let r(c) = -6*c**3 - 2*c**2 - c. Let u(d) = -6 + 0 - 3 + 2*d + 2. Let b be u(3). Give r(b).
5
Let t(x) = -2*x - 3. Let f be (-7)/((-14)/8) - 6. Calculate t(f).
1
Let f = 15 - 11. Let m(k) = 3 - k**2 - 1 - 6 - f*k. What is m(-3)?
-1
Let w(b) = b**2 - 8*b + 5. Let z(g) = -2*g - 6. Let h be z(-6). Give w(h).
-7
Let f(u) = 28*u**3 + 24*u - 12*u - u**2 - 13*u. Determine f(-1).
-28
Let f be 8/(-12)*9/(-2). Let x(b) = b**3 - b**2 - b. Let a(n) = 3*n**3 - 7*n**2 + n + 3. Let m(h) = -a(h) + 2*x(h). Determine m(f).
6
Let c(w) be the second derivative of w**4/12 - w**3/3 + 3*w**2/2 - 16*w. Calculate c(2).
3
Suppose -p + 3*m + 16 = 0, -p - 4*m = -2*p + 19. Let n(f) = 0*f**2 + p*f**2 + 2*f**2 + 0*f**2. Determine n(1).
9
Let m(t) = 9*t**2 + 2*t + 1. Suppose 3*o + 3*o + 6 = 0. What is m(o)?
8
Let b(q) be the second derivative of q**3/6 + 3*q. Let d be 3/2*(-1 - -3). What is b(d)?
3
Let s(z) be the second derivative of z**3/6 - 3*z**2/2 - 20*z. Determine s(6).
3
Let g(t) = t - 2*t**2 - 6*t + 3*t**2 + 7. Let w(h) be the third derivative of h**5/60 - 2*h**3/3 - 2*h**2. Let f be w(3). What is g(f)?
7
Suppose -3*u - 14 = -5*u. Let q(a) = u - 3 + 0*a - 2 - a. Let v = -3 + 1. Calculate q(v).
4
Let f be (-14)/28 + 2/(-4). Let g(y) = 5*y**3 + y**2 + 2*y + 1. Determine g(f).
-5
Let i(n) = 12*n**2 + n. Suppose -57 - 30 = 5*x + 3*y, 4*y = 3*x + 58. Let r be -3*3/x*-2. Calculate i(r).
11
Let y = -1 + 4. Let j(c) = 6*c**3. Let x be j(-1). Let w(r) = -r**2 + r + 1. Let v(d) = -7*d**2 + 7*d + 4. Let i(u) = x*w(u) + v(u). What is i(y)?
-8
Let a(q) = q**3 + 5*q**2 + 3*q + 2. Let v be 37/(-7) - (25/35 - 1). Give a(v).
-13
Let x(d) = -d**2 - 12*d + 4. Let c be x(-12). Let l(j) = 2*j**2 + 4*j**3 - 5*j**3 - 7*j**2 + 6*j - c. Give l(-6).
-4
Suppose 6*z - z = 3*z. Let r(t) = -t**3 - 2. What is r(z)?
-2
Let y(i) = i**3 + 3*i**2 - i + 1. Suppose 5*b = -0*b - 15. Let f be y(b). Suppose 0 = 5*r, w - 6*r + f*r + 4 = 0. Let t(j) = j + 3. What is t(w)?
-1
Let p = -1 - -1. Let l(a) be the second derivative of -a**4/12 + a**3/6 + 5*a**2/2 + 3*a. Calculate l(p).
5
Let p be -3*1/(3/(-4)). Let r(q) = q**2 + q + 1. Let t(i) = 5*i**2 + 3*i + 4. Let g(n) = p*r(n) - t(n). Let u(w) = 2*w - 2. Let c be u(0). Calculate g(c).
-6
Suppose -4*g + 4*l + 44 = 12, 5*l + 4 = -4*g. Let y(j) be the second derivative of j**5/20 - j**4/4 - j**3/3 - 3*j**2/2 - j. Determine y(g).
5
Let a be (5 + 0)*(-2)/(-5). Suppose -2*m + 5*m = -5*v + 18, 0 = 4*v - 2*m - 32. Let k(s) = v + s + 2*s**2 - s**a + 4*s. What is k(-5)?
6
Let y(v) = -2*v**2 + 25*v**3 - 26*v**3 + 2*v**2 - 2. Calculate y(-2).
6
Let f(i) be the first derivative of -i**2/2 - 7*i - 5. Let c be f(-5). Let x(t) = -t**3 - 4*t**2 - 2*t - 2. Calculate x(c).
-6
Let w(m) be the first derivative of -m**3/3 - 3*m**2 + m + 1. Let j(a) = -3*a**2 + 22*a - 41. Let o be j(5). Determine w(o).
1
Let k(f) be the first derivative of 3/2*f**2 + f + 2 - 2/3*f**3. Determine k(3).
-8
Suppose 5*w = 16 + 4. Let s(y) = -y**3 + w*y + 0*y**3 - y**2 + 4*y**2 - 3. Calculate s(4).
-3
Suppose 3*q = 12 + 3. Suppose a - 2*z + z - 14 = 0, -2*a = -q*z - 34. Let v(p) = p - 11. Let n be v(a). Let r(g) = 4*g. What is r(n)?
4
Let x be 1/((-2)/(-4))*1. Let o(y) be the second derivative of 0 - 3/2*y**2 + y**3 - x*y. Calculate o(2).
9
Let l(g) be the third derivative of -1/120*g**5 + 0*g + 0 + g**2 + 1/360*g**6 - 1/24*g**4 - 1/6*g**3. Let x(a) be the first derivative of l(a). Give x(4).
11
Let p(g) = -2*g**2 - 17*g + 1. Let f(j) = -j**2 - 8*j. Let r(v) = -9*f(v) + 4*p(v). Calculate r(-4).
4
Suppose 3*r + 21 = -0*r. Let v = 10 + r. Let o = v - 3. Let y(w) = w**2 - 11. Give y(o).
-11
Suppose 3*y = 5*y + 8. Let i be 5 + 0 + y/2. Let z(t) = 4*t**3 - 5*t**2 - 7*t - 3. Let u(a) = -a**3 + a**2 + 2*a + 1. Let o(j) = 3*u(j) + z(j). What is o(i)?
6
Let a(k) be the first derivative of k**5/20 + 5*k**4/12 + k**3/3 - k**2/2 + 2*k + 1. Let m(g) be the first derivative of a(g). Calculate m(-5).
-11
Let a(n) = -8*n - 3. Suppose 4*p = -19 + 11. Determine a(p).
13
Let s(p) be the first derivative of -p**4/4 + 5*p**3/3 - p**2 - 1. Give s(5).
-10
Let y(o) = -17*o**2. Let v = 10 + -9. Determine y(v).
-17
Let s(i) = -i + 3. Let n = -6 + 4. Let x = 2 + n. Determine s(x).
3
Let n(z) = 2*z - 11. Let c = -83 - -92. What is n(c)?
7
Let d(r) be the second derivative of r**3/6 - 7*r**2/2 + 3*r. Determine d(6).
-1
Suppose -f - 7 = t + 1, -5*t - 34 = -f. Let h(l) = l + 5. Give h(t).
-2
Let b(s) = -s**3 - 4*s**2